{"id":931,"date":"2017-12-12T12:12:27","date_gmt":"2017-12-12T11:12:27","guid":{"rendered":"https:\/\/campingalizes.com\/?post_type=editorial&amp;p=849"},"modified":"2017-12-12T12:12:27","modified_gmt":"2017-12-12T11:12:27","slug":"camping-calme-familial-saint-jean-de-monts","status":"publish","type":"editorial","link":"https:\/\/campingalizes.com\/en\/editorial\/camping-calme-familial-saint-jean-de-monts\/","title":{"rendered":"Camping calme et familial Saint Jean de Monts"},"content":{"rendered":"<p>Cette ann\u00e9e a \u00e9t\u00e9 une ann\u00e9e particuli\u00e8rement difficile pour moi, j&rsquo;ai perdu mon Papa. Alors ces vacances qui arrivent vont me faire un bien fou. Surtout que j&rsquo;ai la chance d&rsquo;avoir tous mes enfants avec moi cette ann\u00e9e. Certains sont grands et n&rsquo;ont pas forc\u00e9ment envie de partir avec leur parents. Mais ils ont compris mon besoin de me retrouver avec eux dans un <strong>camping calme et familial<\/strong> pr\u00e8s de <strong>Saint Jean de Monts<\/strong>.<\/p>\n<p><img loading=\"lazy\" decoding=\"async\" class=\"wp-image-263 aligncenter\" title=\"Les Aliz\u00e9s, un camping calme et familial \u00e0 Saint Jean de Monts\" src=\"https:\/\/campingalizes.com\/wp-content\/uploads\/2017\/06\/accueil_vue_camping-1024x444.jpg\" alt=\"Les Aliz\u00e9s, un camping calme et familial \" width=\"700\" height=\"304\" \/><\/p>\n<p>Je suis donc partie en qu\u00eate d&rsquo;un <strong>camping calme et familial<\/strong> dans les environs de <strong>Saint Jean de Monts. <\/strong>Et j&rsquo;ai trouv\u00e9 le camping les Aliz\u00e9s. Ce 3 \u00e9toiles m&rsquo;a tout de suite attir\u00e9 pour plusieurs raisons. Le premier point est sa situation g\u00e9ographique. Il est situ\u00e9 \u00e0 proximit\u00e9 de Saint Jean de Monts, entre plusieurs <a href=\"https:\/\/campingalizes.com\/les-stations-balneaires-de-vendee\">stations baln\u00e9aires<\/a> r\u00e9put\u00e9es et surtout il est \u00e0 800 m\u00e8tres de la plage.<\/p>\n<p><img loading=\"lazy\" decoding=\"async\" class=\"wp-image-223 aligncenter\" title=\"Camping calme et familial proche des plages de Saint Jean de Monts\" src=\"https:\/\/campingalizes.com\/wp-content\/uploads\/2017\/06\/plage_saint_jean_de_monts-1024x682.jpg\" alt=\"Grande plage de St Jean de Monts\" width=\"700\" height=\"466\" \/><\/p>\n<p>Si j&rsquo;ai \u00e9galement \u00e9t\u00e9 s\u00e9duite par ce camping c&rsquo;est qu&rsquo;il d\u00e9tient de nombreux services qui nous permettront de nous reposer, comme un snack \/ bar, ce qui est id\u00e9al pour les jours o\u00f9 nous n&rsquo;avons pas envie de faire \u00e0 manger. Nous y trouverons aussi un <a href=\"https:\/\/campingalizes.com\/espace-aquatique-chauffe\">espace aquatique chauff\u00e9<\/a> avec toboggan pour contenter autant les petits que les grands. J&rsquo;ai not\u00e9 que l&rsquo;\u00e9quipe d&rsquo;animations est tr\u00e8s active en Juillet &#8211; Ao\u00fbt, ils nous proposeront de quoi nous amuser, nous permettant ainsi de cr\u00e9er des souvenirs m\u00e9morables \u00e0 partager en famille.<\/p>\n<p><img loading=\"lazy\" decoding=\"async\" class=\"wp-image-829 size-full aligncenter\" title=\"L'\u00e9quipe du camping calme et familial les Aliz\u00e9s \u00e0 Saint Jean de Monts\" src=\"https:\/\/campingalizes.com\/wp-content\/uploads\/2017\/06\/accueil_equipe-1.jpg\" alt=\"Camping calme et familial \" width=\"700\" height=\"463\" \/><\/p>\n<h2><span data-sheets-root=\"1\" data-sheets-value=\"{&quot;1&quot;:2,&quot;2&quot;:&quot;Camping calme et familial Saint Jean de Monts&quot;}\" data-sheets-userformat=\"{&quot;2&quot;:2813,&quot;3&quot;:{&quot;1&quot;:0},&quot;5&quot;:{&quot;1&quot;:[{&quot;1&quot;:2,&quot;2&quot;:0,&quot;5&quot;:{&quot;1&quot;:2,&quot;2&quot;:0}},{&quot;1&quot;:0,&quot;2&quot;:0,&quot;3&quot;:3},{&quot;1&quot;:1,&quot;2&quot;:0,&quot;4&quot;:1}]},&quot;6&quot;:{&quot;1&quot;:[{&quot;1&quot;:2,&quot;2&quot;:0,&quot;5&quot;:{&quot;1&quot;:2,&quot;2&quot;:0}},{&quot;1&quot;:0,&quot;2&quot;:0,&quot;3&quot;:3},{&quot;1&quot;:1,&quot;2&quot;:0,&quot;4&quot;:1}]},&quot;7&quot;:{&quot;1&quot;:[{&quot;1&quot;:2,&quot;2&quot;:0,&quot;5&quot;:{&quot;1&quot;:2,&quot;2&quot;:0}},{&quot;1&quot;:0,&quot;2&quot;:0,&quot;3&quot;:3},{&quot;1&quot;:1,&quot;2&quot;:0,&quot;4&quot;:1}]},&quot;8&quot;:{&quot;1&quot;:[{&quot;1&quot;:2,&quot;2&quot;:0,&quot;5&quot;:{&quot;1&quot;:2,&quot;2&quot;:0}},{&quot;1&quot;:0,&quot;2&quot;:0,&quot;3&quot;:3},{&quot;1&quot;:1,&quot;2&quot;:0,&quot;4&quot;:1}]},&quot;9&quot;:0,&quot;10&quot;:2,&quot;12&quot;:0,&quot;14&quot;:{&quot;1&quot;:2,&quot;2&quot;:0}}\">Camping calme et familial pour vous\u00a0<\/span><\/h2>\n<p>Nous ne manquerons pas d&rsquo;aller nous balader sur la c\u00f4te en empruntant les pistes cyclables. Nous pourrons de cette mani\u00e8re d\u00e9couvrir les paysages divers et vari\u00e9s qu&rsquo;offre la r\u00e9gion de St Jean de Monts. Il ne nous reste plus qu&rsquo;une chose \u00e0 faire : boucler les valises car le temps presse et nous allons bient\u00f4t nous retrouver tous ensemble dans ce <strong>camping calme et familial<\/strong> \u00e0<strong> Saint Jean de Monts<\/strong> pour notre plus grand bonheur.<\/p>\n<p>&#8211; R\u00e9cit d&rsquo;Annie T. &#8211;<\/p>\n","protected":false},"featured_media":0,"template":"","meta":{"_acf_changed":false,"_seopress_robots_primary_cat":"","_seopress_titles_title":"%%title%% %%page%% Les Aliz\u00e9s","_seopress_titles_desc":"Je suis donc partie en qu\u00eate d&#039;un camping calme et familial dans les environs de Saint Jean de Monts et j&#039;ai trouv\u00e9 le camping les Aliz\u00e9s.","_seopress_robots_index":"","_vp_format_video_url":"","_vp_image_focal_point":[]},"class_list":["post-931","editorial","type-editorial","status-publish","hentry"],"acf":[],"_links":{"self":[{"href":"https:\/\/campingalizes.com\/en\/wp-json\/wp\/v2\/editorial\/931","targetHints":{"allow":["GET"]}}],"collection":[{"href":"https:\/\/campingalizes.com\/en\/wp-json\/wp\/v2\/editorial"}],"about":[{"href":"https:\/\/campingalizes.com\/en\/wp-json\/wp\/v2\/types\/editorial"}],"wp:attachment":[{"href":"https:\/\/campingalizes.com\/en\/wp-json\/wp\/v2\/media?parent=931"}],"curies":[{"name":"wp","href":"https:\/\/api.w.org\/{rel}","templated":true}]}}

<p>Cette année a été une année particulièrement difficile pour moi, j&rsquo;ai perdu mon Papa. Alors ces vacances qui arrivent vont me faire un bien fou. Surtout que j&rsquo;ai la chance d&rsquo;avoir tous mes enfants avec moi cette année. Certains sont grands et n&rsquo;ont pas forcément envie de partir avec leur parents. Mais ils ont compris mon besoin de me retrouver avec eux dans un <strong>camping calme et familial</strong> près de <strong>Saint Jean de Monts</strong>.</p>
<p><img loading="lazy" decoding="async" class="wp-image-263 aligncenter" title="Les Alizés, un camping calme et familial à Saint Jean de Monts" src="https://campingalizes.com/wp-content/uploads/2017/06/accueil_vue_camping-1024x444.jpg" alt="Les Alizés, un camping calme et familial " width="700" height="304" /></p>
<p>Je suis donc partie en quête d&rsquo;un <strong>camping calme et familial</strong> dans les environs de <strong>Saint Jean de Monts. </strong>Et j&rsquo;ai trouvé le camping les Alizés. Ce 3 étoiles m&rsquo;a tout de suite attiré pour plusieurs raisons. Le premier point est sa situation géographique. Il est situé à proximité de Saint Jean de Monts, entre plusieurs <a href="https://campingalizes.com/les-stations-balneaires-de-vendee">stations balnéaires</a> réputées et surtout il est à 800 mètres de la plage.</p>
<p><img loading="lazy" decoding="async" class="wp-image-223 aligncenter" title="Camping calme et familial proche des plages de Saint Jean de Monts" src="https://campingalizes.com/wp-content/uploads/2017/06/plage_saint_jean_de_monts-1024x682.jpg" alt="Grande plage de St Jean de Monts" width="700" height="466" /></p>
<p>Si j&rsquo;ai également été séduite par ce camping c&rsquo;est qu&rsquo;il détient de nombreux services qui nous permettront de nous reposer, comme un snack / bar, ce qui est idéal pour les jours où nous n&rsquo;avons pas envie de faire à manger. Nous y trouverons aussi un <a href="https://campingalizes.com/espace-aquatique-chauffe">espace aquatique chauffé</a> avec toboggan pour contenter autant les petits que les grands. J&rsquo;ai noté que l&rsquo;équipe d&rsquo;animations est très active en Juillet &#8211; Août, ils nous proposeront de quoi nous amuser, nous permettant ainsi de créer des souvenirs mémorables à partager en famille.</p>
<p><img loading="lazy" decoding="async" class="wp-image-829 size-full aligncenter" title="L'équipe du camping calme et familial les Alizés à Saint Jean de Monts" src="https://campingalizes.com/wp-content/uploads/2017/06/accueil_equipe-1.jpg" alt="Camping calme et familial " width="700" height="463" /></p>
<h2><span data-sheets-root="1" data-sheets-value="{&quot;1&quot;:2,&quot;2&quot;:&quot;Camping calme et familial Saint Jean de Monts&quot;}" data-sheets-userformat="{&quot;2&quot;:2813,&quot;3&quot;:{&quot;1&quot;:0},&quot;5&quot;:{&quot;1&quot;:[{&quot;1&quot;:2,&quot;2&quot;:0,&quot;5&quot;:{&quot;1&quot;:2,&quot;2&quot;:0}},{&quot;1&quot;:0,&quot;2&quot;:0,&quot;3&quot;:3},{&quot;1&quot;:1,&quot;2&quot;:0,&quot;4&quot;:1}]},&quot;6&quot;:{&quot;1&quot;:[{&quot;1&quot;:2,&quot;2&quot;:0,&quot;5&quot;:{&quot;1&quot;:2,&quot;2&quot;:0}},{&quot;1&quot;:0,&quot;2&quot;:0,&quot;3&quot;:3},{&quot;1&quot;:1,&quot;2&quot;:0,&quot;4&quot;:1}]},&quot;7&quot;:{&quot;1&quot;:[{&quot;1&quot;:2,&quot;2&quot;:0,&quot;5&quot;:{&quot;1&quot;:2,&quot;2&quot;:0}},{&quot;1&quot;:0,&quot;2&quot;:0,&quot;3&quot;:3},{&quot;1&quot;:1,&quot;2&quot;:0,&quot;4&quot;:1}]},&quot;8&quot;:{&quot;1&quot;:[{&quot;1&quot;:2,&quot;2&quot;:0,&quot;5&quot;:{&quot;1&quot;:2,&quot;2&quot;:0}},{&quot;1&quot;:0,&quot;2&quot;:0,&quot;3&quot;:3},{&quot;1&quot;:1,&quot;2&quot;:0,&quot;4&quot;:1}]},&quot;9&quot;:0,&quot;10&quot;:2,&quot;12&quot;:0,&quot;14&quot;:{&quot;1&quot;:2,&quot;2&quot;:0}}">Camping calme et familial pour vous </span></h2>
<p>Nous ne manquerons pas d&rsquo;aller nous balader sur la côte en empruntant les pistes cyclables. Nous pourrons de cette manière découvrir les paysages divers et variés qu&rsquo;offre la région de St Jean de Monts. Il ne nous reste plus qu&rsquo;une chose à faire : boucler les valises car le temps presse et nous allons bientôt nous retrouver tous ensemble dans ce <strong>camping calme et familial</strong> à<strong> Saint Jean de Monts</strong> pour notre plus grand bonheur.</p>
<p>&#8211; Récit d&rsquo;Annie T. &#8211;</p>

%%title%% %%page%% Les Alizés

Je suis donc partie en quête d&#039;un camping calme et familial dans les environs de Saint Jean de Monts et j&#039;ai trouvé le camping les Alizés.
